{"id":63,"date":"2018-03-04T15:41:28","date_gmt":"2018-03-04T15:41:28","guid":{"rendered":"http:\/\/hundepension-zum-zamperl.de\/?page_id=63"},"modified":"2025-08-04T06:48:22","modified_gmt":"2025-08-04T06:48:22","slug":"vertrag","status":"publish","type":"page","link":"https:\/\/hundepension-zum-zamperl.de\/?page_id=63","title":{"rendered":"Vertrag"},"content":{"rendered":"<p><span style=\"font-size: 8pt;\">Hier klicken:<\/span> <a href=\"https:\/\/hundepension-zum-zamperl.de\/wp-content\/uploads\/2025\/08\/Unterbringungsvertrag_Stand-04_08_2025.pdf\">Unterbringungsvertrag_Stand 04_08_2025<\/a> <a href=\"https:\/\/hundepension-zum-zamperl.de\/wp-content\/uploads\/2025\/06\/Unterbringungsvertrag_Stand-05_06_2025.pdf\">(Bei Aufenthalte, die immer wieder \u00fcbers Jahr stattfinden, brauche ich den Vertrag nicht immer neu, jedoch sollte dann einfach notiert werden, dass dieser f\u00fcrs ganze Jahr g\u00fcltig ist!<\/a><\/p>\n<p><span style=\"font-size: 8pt;\">Hier klicken:<\/span> <a href=\"https:\/\/1drv.ms\/b\/s!AkbMJHjR9loP6gAoNI-3ZzBo_kNU?e=nF4Dvl\">Fragebogen Unterbringung<\/a><\/p>\n<p><span style=\"font-size: 8pt;\">Hier klicken:\u00a0<span style=\"font-size: 14pt;\"><a href=\"https:\/\/hundepension-zum-zamperl.de\/wp-content\/uploads\/2023\/09\/Allgemeine-Geschaeftsbedingung.pdf\">Allgemeine Gesch\u00e4ftsbedigung<\/a><\/span><\/span><\/p>\n\n\n<p><\/p>\n<div id=\"socialshareprivacy_57f49e7597e3d73c783f768fabda5dbb\"><\/div>\r\n\t\t\t<script type=\"text\/javascript\">\r\n\t\t\t(function($){\r\n\t\t\t\tvar options = {\"info_link\":\"http:\\\/\\\/www.heise.de\\\/ct\\\/artikel\\\/2-Klicks-fuer-mehr-Datenschutz-1333879.html\",\"txt_help\":\"Wenn Sie diese Felder durch einen Klick aktivieren, werden Informationen an Facebook, Twitter oder Google in die USA \\u00fcbertragen und unter Umst\\u00e4nden auch dort gespeichert. N\\u00e4heres erfahren Sie durch einen Klick auf das <em>i<\\\/em>.\",\"settings_perma\":\"Dauerhaft aktivieren und Daten\\u00fcber\\u00adtragung zustimmen:\",\"cookie_path\":\"\\\/\",\"cookie_expire\":\"365\",\"cookie_domain\":\"\",\"css_path\":\"https:\\\/\\\/hundepension-zum-zamperl.de\\\/wp-content\\\/plugins\\\/wp-socialshareprivacy\\\/socialshareprivacy.css\",\"services\":{\"facebook\":{\"status\":\"on\",\"dummy_img\":\"https:\\\/\\\/hundepension-zum-zamperl.de\\\/wp-content\\\/plugins\\\/wp-socialshareprivacy\\\/images\\\/dummy_facebook.png\",\"txt_info\":\"2 Klicks f\\u00fcr mehr Datenschutz: Erst wenn Sie hier klicken, wird der Button aktiv und Sie k\\u00f6nnen Ihre Empfehlung an Facebook senden. Schon beim Aktivieren werden Daten an Dritte \\u00fcbertragen \\u2013 siehe <em>i<\\\/em>.\",\"txt_fb_off\":\"nicht mit Facebook verbunden\",\"txt_fb_on\":\"mit Facebook verbunden\",\"display_name\":\"Facebook\",\"referrer_track\":\"\",\"language\":\"de_DE\"},\"twitter\":{\"status\":\"on\",\"dummy_img\":\"https:\\\/\\\/hundepension-zum-zamperl.de\\\/wp-content\\\/plugins\\\/wp-socialshareprivacy\\\/images\\\/dummy_twitter.png\",\"txt_info\":\"2 Klicks f\\u00fcr mehr Datenschutz: Erst wenn Sie hier klicken, wird der Button aktiv und Sie k\\u00f6nnen Ihre Empfehlung an Twitter senden. Schon beim Aktivieren werden Daten an Dritte \\u00fcbertragen \\u2013 siehe <em>i<\\\/em>.\",\"txt_twitter_off\":\"nicht mit Twitter verbunden\",\"txt_twitter_on\":\"mit Twitter verbunden\",\"display_name\":\"Twitter\",\"referrer_track\":\"\",\"tweet_text\":\"\"},\"gplus\":{\"status\":\"on\",\"dummy_img\":\"https:\\\/\\\/hundepension-zum-zamperl.de\\\/wp-content\\\/plugins\\\/wp-socialshareprivacy\\\/images\\\/dummy_gplus.png\",\"txt_info\":\"2 Klicks f\\u00fcr mehr Datenschutz: Erst wenn Sie hier klicken, wird der Button aktiv und Sie k\\u00f6nnen Ihre Empfehlung an Google+ senden. Schon beim Aktivieren werden Daten an Dritte \\u00fcbertragen \\u2013 siehe <em>i<\\\/em>.\",\"txt_gplus_off\":\"nicht mit Google+ verbunden\",\"txt_gplus_on\":\"mit Google+ verbunden\",\"display_name\":\"Google+\",\"referrer_track\":\"\",\"language\":\"de\"}}};\r\n\t\t\t\toptions.cookie_domain = document.location.host;\r\n\t\t\t\toptions.uri = 'https:\/\/hundepension-zum-zamperl.de\/?page_id=63'\r\n\t\t\t\t$(document).ready(function(){\r\n\t\t\t\t\t$('#socialshareprivacy_57f49e7597e3d73c783f768fabda5dbb').socialSharePrivacy(options);\r\n\t\t\t\t});\r\n\t\t\t})(jQuery);\r\n\t\t\t<\/script>\r\n\t\t<!-- end wp-socialshareprivacy -->","protected":false},"excerpt":{"rendered":"<p>Hier klicken: Unterbringungsvertrag_Stand 04_08_2025 (Bei Aufenthalte, die immer wieder \u00fcbers Jahr stattfinden, brauche ich den Vertrag nicht immer neu, jedoch sollte dann einfach notiert werden, dass dieser f\u00fcrs ganze Jahr g\u00fcltig ist! Hier klicken: Fragebogen Unterbringung Hier klicken:\u00a0Allgemeine Gesch\u00e4ftsbedigung<\/p>\n","protected":false},"author":1,"featured_media":0,"parent":0,"menu_order":0,"comment_status":"closed","ping_status":"closed","template":"","meta":{"footnotes":""},"_links":{"self":[{"href":"https:\/\/hundepension-zum-zamperl.de\/index.php?rest_route=\/wp\/v2\/pages\/63"}],"collection":[{"href":"https:\/\/hundepension-zum-zamperl.de\/index.php?rest_route=\/wp\/v2\/pages"}],"about":[{"href":"https:\/\/hundepension-zum-zamperl.de\/index.php?rest_route=\/wp\/v2\/types\/page"}],"author":[{"embeddable":true,"href":"https:\/\/hundepension-zum-zamperl.de\/index.php?rest_route=\/wp\/v2\/users\/1"}],"replies":[{"embeddable":true,"href":"https:\/\/hundepension-zum-zamperl.de\/index.php?rest_route=%2Fwp%2Fv2%2Fcomments&post=63"}],"version-history":[{"count":16,"href":"https:\/\/hundepension-zum-zamperl.de\/index.php?rest_route=\/wp\/v2\/pages\/63\/revisions"}],"predecessor-version":[{"id":580,"href":"https:\/\/hundepension-zum-zamperl.de\/index.php?rest_route=\/wp\/v2\/pages\/63\/revisions\/580"}],"wp:attachment":[{"href":"https:\/\/hundepension-zum-zamperl.de\/index.php?rest_route=%2Fwp%2Fv2%2Fmedia&parent=63"}],"curies":[{"name":"wp","href":"https:\/\/api.w.org\/{rel}","templated":true}]}}