{"id":61,"date":"2018-03-04T15:41:28","date_gmt":"2018-03-04T15:41:28","guid":{"rendered":"http:\/\/hundepension-zum-zamperl.de\/?page_id=61"},"modified":"2025-03-13T16:36:37","modified_gmt":"2025-03-13T16:36:37","slug":"impressum","status":"publish","type":"page","link":"https:\/\/hundepension-zum-zamperl.de\/?page_id=61","title":{"rendered":"Impressum"},"content":{"rendered":"<p>H<span class=\"text16\" style=\"font-family: helvetica,arial,sans-serif;\">undepension-zum-Zamperl<\/span><\/p>\n<p><span class=\"text16\" style=\"font-family: helvetica,arial,sans-serif;\">Anja Strazzeri<br \/>\n<\/span><span class=\"text16\" style=\"font-family: helvetica,arial,sans-serif;\">Aislingerstrasse 63<br \/>\n<\/span><span class=\"text16\" style=\"font-family: helvetica,arial,sans-serif;\">89415 Lauingen an der Donau<\/span><\/p>\n<p class=\"text14rt_normal\"><span class=\"text16\" style=\"font-family: helvetica,arial,sans-serif;\">Fon: 0160 \/ 959 772 97<br \/>\n<\/span><\/p>\n<p><span style=\"font-family: helvetica, arial, sans-serif;\">Steuernummer: 109\/278\/60401<\/span><\/p>\n<p><span style=\"font-family: helvetica,arial,sans-serif;\"> Das Angebot von www.hundepension-zum-zamperl.de\u00a0 wird zur Verf\u00fcgung gestellt von:<\/span><\/p>\n<p><span style=\"font-family: helvetica,arial,sans-serif;\"><span class=\"text16\">Anja Strazzeri, Aislingerstrasse 63, <\/span>89415 Lauingen an der Donau<\/span><\/p>\n<p><span style=\"font-family: helvetica,arial,sans-serif; font-size: 10pt;\"> Impressum gem\u00e4\u00df \u00a76 Teledienstegesetz (TDG). Bitte beachten Sie unseren Haftungsausschluss!<\/span><\/p>\n<p><span style=\"text-decoration: underline;\"><span style=\"color: #ff9900; font-family: helvetica,arial,sans-serif; text-decoration: underline;\">Haftungsausschluss<\/span><\/span><\/p>\n<p><span style=\"color: #ff9900; font-family: helvetica,arial,sans-serif;\"> 1. Inhalt des Onlineangebotes<\/span><br \/>\n<span style=\"font-family: helvetica,arial,sans-serif;\"> Der Autor \u00fcbernimmt keinerlei Gew\u00e4hr f\u00fcr die Aktualit\u00e4t, Korrektheit, Vollst\u00e4ndigkeit oder Qualit\u00e4t der bereitgestellten Informationen. Haftungsanspr\u00fcche gegen den Autor, welche sich auf Sch\u00e4den materieller oder ideeller Art beziehen, die durch die Nutzung oder Nichtnutzung der dargebotenen Informationen bzw. durch die Nutzung fehlerhafter und unvollst\u00e4ndiger Informationen verursacht wurden, sind grunds\u00e4tzlich ausgeschlossen, sofern seitens des Autors kein nachweislich vors\u00e4tzliches oder grob fahrl\u00e4ssiges Verschulden vorliegt.<\/span><br \/>\n<span style=\"font-family: helvetica,arial,sans-serif;\"> Alle Angebote sind freibleibend und unverbindlich. Der Autor beh\u00e4lt es sich ausdr\u00fccklich vor, Teile der Seiten oder das gesamte Angebot ohne gesonderte Ank\u00fcndigung zu ver\u00e4ndern, zu erg\u00e4nzen, zu l\u00f6schen oder die Ver\u00f6ffentlichung zeitweise oder endg\u00fcltig einzustellen.<\/span><\/p>\n<p><span style=\"color: #ff9900; font-family: helvetica,arial,sans-serif;\">2. Verweise und Links<\/span><br \/>\n<span style=\"font-family: helvetica,arial,sans-serif;\"> Bei direkten oder indirekten Verweisen auf fremde Webseiten (&#8222;Hyperlinks&#8220;), die au\u00dferhalb des Verantwortungsbereiches des Autors liegen, w\u00fcrde eine Haftungsverpflichtung ausschlie\u00dflich in dem Fall in Kraft treten, in dem der Autor von den Inhalten Kenntnis hat und es ihm technisch m\u00f6glich und zumutbar w\u00e4re, die Nutzung im Falle rechtswidriger Inhalte zu verhindern.<\/span><br \/>\n<span style=\"font-family: helvetica,arial,sans-serif;\"> Der Autor erkl\u00e4rt hiermit ausdr\u00fccklich, dass zum Zeitpunkt der Linksetzung keine illegalen Inhalte auf den zu verlinkenden Seiten erkennbar waren. Auf die aktuelle und zuk\u00fcnftige Gestaltung, die Inhalte oder die Urheberschaft der gelinkten\/verkn\u00fcpften Seiten hat der Autor keinerlei Einfluss. Deshalb distanziert er sich hiermit ausdr\u00fccklich von allen Inhalten aller gelinkten \/verkn\u00fcpften Seiten, die nach der Linksetzung ver\u00e4ndert wurden. Diese Feststellung gilt f\u00fcr alle innerhalb des eigenen Internetangebotes gesetzten Links und Verweise sowie f\u00fcr Fremdeintr\u00e4ge in vom Autor eingerichteten G\u00e4steb\u00fcchern, Diskussionsforen und Mailinglisten. F\u00fcr illegale, fehlerhafte oder unvollst\u00e4ndige Inhalte und insbesondere f\u00fcr Sch\u00e4den, die aus der Nutzung oder Nichtnutzung solcherart dargebotener Informationen entstehen, haftet allein der Anbieter der Seite, auf welche verwiesen wurde, nicht derjenige, der \u00fcber Links auf die jeweilige Ver\u00f6ffentlichung lediglich verweist.<\/span><\/p>\n<p><span style=\"color: #ff9900; font-family: helvetica,arial,sans-serif;\">3. Urheber- und Kennzeichenrecht<\/span><br \/>\n<span style=\"font-family: helvetica,arial,sans-serif;\"> Der Autor ist bestrebt, in allen Publikationen die Urheberrechte der verwendeten Grafiken, Tondokumente, Videosequenzen und Texte zu beachten, von ihm selbst erstellte Grafiken, Tondokumente, Videosequenzen und Texte zu nutzen oder auf lizenzfreie Grafiken, Tondokumente, Videosequenzen und Texte zur\u00fcckzugreifen.<\/span><br \/>\n<span style=\"font-family: helvetica,arial,sans-serif;\"> Alle innerhalb des Internetangebotes genannten und ggf. durch Dritte gesch\u00fctzten Marken- und Warenzeichen unterliegen uneingeschr\u00e4nkt den Bestimmungen des jeweils g\u00fcltigen Kennzeichenrechts und den Besitzrechten der jeweiligen eingetragenen Eigent\u00fcmer. Allein aufgrund der blo\u00dfen Nennung ist nicht der Schluss zu ziehen, dass Markenzeichen nicht durch Rechte Dritter gesch\u00fctzt sind!<\/span><br \/>\n<span style=\"font-family: helvetica,arial,sans-serif;\"> Das Copyright f\u00fcr ver\u00f6ffentlichte, vom Autor selbst erstellte Objekte bleibt allein beim Autor der Seiten. Eine Vervielf\u00e4ltigung oder Verwendung solcher Grafiken, Tondokumente, Videosequenzen und Texte in anderen elektronischen oder gedruckten Publikationen ist ohne ausdr\u00fcckliche Zustimmung des Autors nicht gestattet.<\/span><\/p>\n<p><span style=\"color: #ff9900; font-family: helvetica,arial,sans-serif;\">4. Datenschutz<\/span><br \/>\n<span style=\"font-family: helvetica,arial,sans-serif;\"> Sofern innerhalb des Internetangebotes die M\u00f6glichkeit zur Eingabe pers\u00f6nlicher oder gesch\u00e4ftlicher Daten (Emailadressen, Namen, Anschriften) besteht, so erfolgt die Preisgabe dieser Daten seitens des Nutzers auf ausdr\u00fccklich freiwilliger Basis. Die Inanspruchnahme und Bezahlung aller angebotenen Dienste ist &#8211; soweit technisch m\u00f6glich und zumutbar &#8211; auch ohne Angabe solcher Daten bzw. unter Angabe anonymisierter Daten oder eines Pseudonyms gestattet. Die Nutzung der im Rahmen des Impressums oder vergleichbarer Angaben ver\u00f6ffentlichten Kontaktdaten wie Postanschriften, Telefon- und Faxnummern sowie Emailadressen durch Dritte zur \u00dcbersendung von nicht ausdr\u00fccklich angeforderten Informationen ist nicht gestattet. Rechtliche Schritte gegen die Versender von sogenannten Spam-Mails bei Verst\u00f6ssen gegen dieses Verbot sind ausdr\u00fccklich vorbehalten.<\/span><\/p>\n<p><span style=\"color: #ff9900; font-family: helvetica,arial,sans-serif;\"> 5. Rechtswirksamkeit dieses Haftungsausschlusses<\/span><br \/>\n<span style=\"font-family: helvetica,arial,sans-serif;\"> Dieser Haftungsausschluss ist als Teil des Internetangebotes zu betrachten, von dem aus auf diese Seite verwiesen wurde. Sofern Teile oder einzelne Formulierungen dieses Textes der geltenden Rechtslage nicht, nicht mehr oder nicht vollst\u00e4ndig entsprechen sollten, bleiben die \u00fcbrigen Teile des Dokumentes in ihrem Inhalt und ihrer G\u00fcltigkeit davon unber\u00fchrt.<\/span><\/p>\n<div id=\"socialshareprivacy_54038ece02a835584c50b4e9f46df149\"><\/div>\r\n\t\t\t<script type=\"text\/javascript\">\r\n\t\t\t(function($){\r\n\t\t\t\tvar options = {\"info_link\":\"http:\\\/\\\/www.heise.de\\\/ct\\\/artikel\\\/2-Klicks-fuer-mehr-Datenschutz-1333879.html\",\"txt_help\":\"Wenn Sie diese Felder durch einen Klick aktivieren, werden Informationen an Facebook, Twitter oder Google in die USA \\u00fcbertragen und unter Umst\\u00e4nden auch dort gespeichert. N\\u00e4heres erfahren Sie durch einen Klick auf das <em>i<\\\/em>.\",\"settings_perma\":\"Dauerhaft aktivieren und Daten\\u00fcber\\u00adtragung zustimmen:\",\"cookie_path\":\"\\\/\",\"cookie_expire\":\"365\",\"cookie_domain\":\"\",\"css_path\":\"https:\\\/\\\/hundepension-zum-zamperl.de\\\/wp-content\\\/plugins\\\/wp-socialshareprivacy\\\/socialshareprivacy.css\",\"services\":{\"facebook\":{\"status\":\"on\",\"dummy_img\":\"https:\\\/\\\/hundepension-zum-zamperl.de\\\/wp-content\\\/plugins\\\/wp-socialshareprivacy\\\/images\\\/dummy_facebook.png\",\"txt_info\":\"2 Klicks f\\u00fcr mehr Datenschutz: Erst wenn Sie hier klicken, wird der Button aktiv und Sie k\\u00f6nnen Ihre Empfehlung an Facebook senden. Schon beim Aktivieren werden Daten an Dritte \\u00fcbertragen \\u2013 siehe <em>i<\\\/em>.\",\"txt_fb_off\":\"nicht mit Facebook verbunden\",\"txt_fb_on\":\"mit Facebook verbunden\",\"display_name\":\"Facebook\",\"referrer_track\":\"\",\"language\":\"de_DE\"},\"twitter\":{\"status\":\"on\",\"dummy_img\":\"https:\\\/\\\/hundepension-zum-zamperl.de\\\/wp-content\\\/plugins\\\/wp-socialshareprivacy\\\/images\\\/dummy_twitter.png\",\"txt_info\":\"2 Klicks f\\u00fcr mehr Datenschutz: Erst wenn Sie hier klicken, wird der Button aktiv und Sie k\\u00f6nnen Ihre Empfehlung an Twitter senden. Schon beim Aktivieren werden Daten an Dritte \\u00fcbertragen \\u2013 siehe <em>i<\\\/em>.\",\"txt_twitter_off\":\"nicht mit Twitter verbunden\",\"txt_twitter_on\":\"mit Twitter verbunden\",\"display_name\":\"Twitter\",\"referrer_track\":\"\",\"tweet_text\":\"\"},\"gplus\":{\"status\":\"on\",\"dummy_img\":\"https:\\\/\\\/hundepension-zum-zamperl.de\\\/wp-content\\\/plugins\\\/wp-socialshareprivacy\\\/images\\\/dummy_gplus.png\",\"txt_info\":\"2 Klicks f\\u00fcr mehr Datenschutz: Erst wenn Sie hier klicken, wird der Button aktiv und Sie k\\u00f6nnen Ihre Empfehlung an Google+ senden. Schon beim Aktivieren werden Daten an Dritte \\u00fcbertragen \\u2013 siehe <em>i<\\\/em>.\",\"txt_gplus_off\":\"nicht mit Google+ verbunden\",\"txt_gplus_on\":\"mit Google+ verbunden\",\"display_name\":\"Google+\",\"referrer_track\":\"\",\"language\":\"de\"}}};\r\n\t\t\t\toptions.cookie_domain = document.location.host;\r\n\t\t\t\toptions.uri = 'https:\/\/hundepension-zum-zamperl.de\/?page_id=61'\r\n\t\t\t\t$(document).ready(function(){\r\n\t\t\t\t\t$('#socialshareprivacy_54038ece02a835584c50b4e9f46df149').socialSharePrivacy(options);\r\n\t\t\t\t});\r\n\t\t\t})(jQuery);\r\n\t\t\t<\/script>\r\n\t\t<!-- end wp-socialshareprivacy -->","protected":false},"excerpt":{"rendered":"<p>Hundepension-zum-Zamperl Anja Strazzeri Aislingerstrasse 63 89415 Lauingen an der Donau Fon: 0160 \/ 959 772 97 Steuernummer: 109\/278\/60401 Das Angebot von www.hundepension-zum-zamperl.de\u00a0 wird zur Verf\u00fcgung gestellt von: Anja Strazzeri, Aislingerstrasse 63, 89415 Lauingen an der Donau Impressum gem\u00e4\u00df \u00a76 Teledienstegesetz (TDG). Bitte beachten Sie unseren Haftungsausschluss! Haftungsausschluss 1. Inhalt des Onlineangebotes Der Autor \u00fcbernimmt keinerlei &hellip; <\/p>\n<p class=\"link-more\"><a href=\"https:\/\/hundepension-zum-zamperl.de\/?page_id=61\" class=\"more-link\"><span class=\"screen-reader-text\">&#8222;Impressum&#8220;<\/span> weiterlesen<\/a><\/p>\n","protected":false},"author":1,"featured_media":0,"parent":0,"menu_order":0,"comment_status":"closed","ping_status":"closed","template":"","meta":{"footnotes":""},"_links":{"self":[{"href":"https:\/\/hundepension-zum-zamperl.de\/index.php?rest_route=\/wp\/v2\/pages\/61"}],"collection":[{"href":"https:\/\/hundepension-zum-zamperl.de\/index.php?rest_route=\/wp\/v2\/pages"}],"about":[{"href":"https:\/\/hundepension-zum-zamperl.de\/index.php?rest_route=\/wp\/v2\/types\/page"}],"author":[{"embeddable":true,"href":"https:\/\/hundepension-zum-zamperl.de\/index.php?rest_route=\/wp\/v2\/users\/1"}],"replies":[{"embeddable":true,"href":"https:\/\/hundepension-zum-zamperl.de\/index.php?rest_route=%2Fwp%2Fv2%2Fcomments&post=61"}],"version-history":[{"count":6,"href":"https:\/\/hundepension-zum-zamperl.de\/index.php?rest_route=\/wp\/v2\/pages\/61\/revisions"}],"predecessor-version":[{"id":560,"href":"https:\/\/hundepension-zum-zamperl.de\/index.php?rest_route=\/wp\/v2\/pages\/61\/revisions\/560"}],"wp:attachment":[{"href":"https:\/\/hundepension-zum-zamperl.de\/index.php?rest_route=%2Fwp%2Fv2%2Fmedia&parent=61"}],"curies":[{"name":"wp","href":"https:\/\/api.w.org\/{rel}","templated":true}]}}